- 7 = 4*t. What is the remainder when t is divided by 5?
2
Let s be 6/(-4)*(-5 - -1). Suppose 0 = -b - 4*u + s, 0 = -3*b + 2*u + 9 + 9. Let g = 8 + b. What is the remainder when 27 is divided by g?
13
Let m = -3 + 7. Calculate the remainder when 5/10 - (-21)/2 is divided by m.
3
Let h(w) = -w + 15. Calculate the remainder when 43 is divided by h(0).
13
Suppose s = -2*p + 105, -s - 160 = -8*p + 5*p. Suppose 3*n - 63 = -3*d, 3*n - 3*d - 27 = 18. What is the remainder when p is divided by n?
17
Let m be (0 - 0)/(1 - 2). Suppose -i + w + 99 + 7 = m, 3*i - 4*w - 317 = 0. What is the remainder when i is divided by 27?
26
Suppose -5*q = -5 - 20. Calculate the remainder when 42 is divided by q.
2
Suppose -2*m = 3*m - 10. Suppose 2 - 6 = -m*b. Suppose 3*s = b*s + 8. Calculate the remainder when s is divided by 5.
3
Suppose 96 = 5*z - 4*a + 21, 4*a = -3*z + 45. Calculate the remainder when 56 is divided by z.
11
Calculate the remainder when 111 is divided by (0 + (0 - 2))*-14.
27
Suppose 7 - 27 = -4*w. Let j = 6 - 13. Let x = -4 - j. What is the remainder when w is divided by x?
2
Let f = -3 - -11. Let n(g) = g**3 - 4*g**2 + 2*g - 5. Suppose -3 = -j - 4*h + 17, 0 = h - 4. What is the remainder when f is divided by n(j)?
2
Suppose -o + 9 = 3. Calculate the remainder when 16 is divided by o.
4
Let n = -71 - -108. Suppose -4*y = -5*y + n. Calculate the remainder when y is divided by 20.
17
Let v(q) = -2*q + 1. Let f be v(-5). Let k = f + -5. Suppose -k*b = -b - 105. What is the remainder when b is divided by 11?
10
Suppose -4*w - 34 = -0*w + 3*r, 5*w = -2*r - 39. Let t = w + 11. What is the remainder when 7 is divided by t?
3
Let x = 8 + -4. Let h = -1 + x. Suppose 2*u + 8 = h*w, -2*w + u = -7*w + 35. Calculate the remainder when 11 is divided by w.
5
Suppose 0 = m + 4*m - 710. Calculate the remainder when m is divided by 16.
14
Let p(m) = 5*m**3 - m**2 - 12*m - 3. Let s(w) = -6*w**3 + 13*w + 2. Let a(r) = 7*p(r) + 6*s(r). Let z = 9 - 16. What is the remainder when a(z) is divided by 9?
6
Suppose -8 = -2*a + q + 16, 5*a + 4*q = 73. Suppose -135*c + 140*c - 40 = 0. Calculate the remainder when a is divided by c.
5
Suppose 23 = 4*h - 41. What is the remainder when 61 is divided by h?
13
What is the remainder when ((-43)/(-2))/(3/6) is divided by (1 + -2)/((-7)/105)?
13
Let v = -20 + 21. What is the remainder when 3 is divided by v?
0
Let o(h) = h**2 - 3*h - 1. Let s be o(5). Let j = s + 2. Calculate the remainder when 2/5 + 206/10 is divided by j.
10
Let l = 52 - 36. Calculate the remainder when 77 is divided by l.
13
Suppose -8*i + 38 = -7*i. Calculate the remainder when 148 is divided by i.
34
Let x(f) = -4*f + 1. Let m(v) = -v + 11. What is the remainder when x(-2) is divided by m(8)?
0
Let m be (6/(-8))/((-6)/16). Suppose -27 = -m*j + 7. What is the remainder when 31 is divided by j?
14
Let t(x) = 2*x**2 - 8*x + 4. Let m be t(-6). Suppose 17 + m = 3*b. Calculate the remainder when b is divided by 12.
11
Suppose 7*l - 10*l = -60. Suppose -2*f - f + 60 = 0. Suppose 2*p - 2 = f. Calculate the remainder when l is divided by p.
9
Let a = 42 + -26. Let p = a + -8. Calculate the remainder when 21 is divided by p.
5
Suppose 4*s - 5*m = 92, s - 36 = -2*m - 0. What is the remainder when (-241)/(-3) + (-4)/(-6) is divided by s?
25
Let l = 9 - -8. Suppose 0 = -5*p + u + 33, -4*p - 5*u + l = -3*p. What is the remainder when 26 is divided by p?
5
Let r be (25 - 4) + 0/1. Suppose 0 = -u - 3, -2*x = 2*u - u - r. Calculate the remainder when 22 is divided by x.
10
Let m = 106 - 78. What is the remainder when 165 is divided by m?
25
Let t(x) = 36*x**2 + 5*x - 1. What is the remainder when t(2) is divided by 52?
49
Suppose -g - 6 = 2*g. Calculate the remainder when (-1064)/(-40) + g/(-5) is divided by 7.
6
Let a = 80 + -45. Let t = -24 + a. What is the remainder when 42 is divided by t?
9
Let t(c) = -5*c. Let i be t(2). What is the remainder when ((-36)/i)/((-2)/(-5)) is divided by 3?
0
Suppose -4*b = -0*b - 112. Calculate the remainder when b is divided by 10.
8
Suppose f + 2*v = 4*f + 171, f + 58 = v. Let m = -105 + 176. Calculate the remainder when m is divided by 264/f*10/(-2).
23
Let n = 15 + -4. Suppose -10*i = -n*i + 11. Calculate the remainder when 42 is divided by i.
9
Let z(m) = -25*m - 1. Suppose 5*r - r - 5*k - 12 = 0, 3*r = -4*k - 22. What is the remainder when z(r) is divided by 17?
15
Let x(m) = -m - m**2 + 4 + 4 - 7*m - 6. What is the remainder when 25 is divided by x(-7)?
7
Suppose 52 = 4*t - 5*r, -20 = r - 6*r. Let j(h) = h**3 + 6*h**2 - 6*h - 5. Let g be j(-7). Let n = g - -17. Calculate the remainder when t is divided by n.
3
Let l = 258 - 212. What is the remainder when l is divided by 8?
6
Let a be 5 + (0 - (2 + 0)). Let j = a + -1. Suppose 3*f = -0*t - 3*t - 6, 4*f + 2 = -2*t. Calculate the remainder when j is divided by f.
0
Suppose 4*y = 26 - 2. Calculate the remainder when 16 is divided by y.
4
Let r = -8 + -29. Let a = -21 - r. What is the remainder when a is divided by 9?
7
Suppose 182 = 3*j - j. Calculate the remainder when j is divided by 31.
29
Let d = 17 + -1. What is the remainder when d is divided by 5?
1
Suppose -2*p = 4*l - 122, 2*l - 2*p = -7*p + 73. Calculate the remainder when 113 is divided by l.
26
Let a = 3 - -8. What is the remainder when a is divided by 3?
2
Let x(w) = -w - 8. Let d be x(-4). Let r(j) = -3*j + 5. What is the remainder when 49 is divided by r(d)?
15
Let k = 45 + -22. Let z = k - 16. What is the remainder when 27 is divided by z?
6
Let l be -2 - (2 - (-1 + 6)). Suppose -5*x - 4*v + 25 = -18, -l = -x + 3*v. What is the remainder when 25 is divided by x?
4
Suppose b + b = -4*i + 10, -3*i = 4*b - 25. Let x be 3/b + 3236/28. Suppose -2*m - 42 + x = 0. What is the remainder when m is divided by 19?
18
Let a(o) = 3*o + 8*o - 17*o**2 - 4 + 16*o**2. Calculate the remainder when 17 is divided by a(10).
5
Let w = -19 + 36. What is the remainder when w is divided by 10?
7
Suppose -4*d + 3*h - h + 386 = 0, d - 104 = 3*h. What is the remainder when d is divided by 12?
11
Suppose 3*n - 3*g = -8*g, 3*g + 24 = 3*n. Suppose 44 = 3*d - 5*y, d + n*y - 2*y = -4. Calculate the remainder when 23 is divided by d.
7
Let k(h) = h**2 - 1. Let v(s) = 4*s**2 + 6*s - 12. Let f(i) = 3*k(i) - v(i). Let r be f(-7). Let c = 0 + r. Calculate the remainder when 2 is divided by c.
0
Let i(p) = 3*p**2 - 2. Let j be i(-2). Suppose 0*z - j = -2*z. Suppose -z*f + 26 = 2*t, 4*t - 2*t + 3*f = 30. What is the remainder when t is divided by 10?
8
Let y be (-6)/(-21) + (-234)/(-14). Let w = 29 - y. Let o = 13 + -6. What is the remainder when w is divided by o?
5
Suppose 4*j - 4 = -5*f, -2*f + 4 = 2*f + 3*j. What is the remainder when 2 is divided by (4/8)/(1/f)?
0
Let b(w) = w**3 - 4*w**2 - 6*w + 6. Let y be b(5). Let a = 8 + y. What is the remainder when 17 is divided by a?
8
Suppose d + 16 = o + 2, -4*d = 3*o - 21. What is the remainder when 8 is divided by (-5 + o)*2/4?
2
Let j = 2 + 27. Let h(g) = 5*g**3 + 2*g**3 + 8 - 8*g**3 - 8*g**2 - g. Calculate the remainder when j is divided by h(-8).
13
Calculate the remainder when 20 is divided by (3/6 + 0)*8*2.
4
Let a(w) = w**3 - w + 11. Let j(b) = -22*b - 1. Calculate the remainder when j(-1) is divided by a(0).
10
Let x(l) = 2*l**2 + 5. Let q be 13 + -6*2/4. Suppose t + 2*m = -15, m + q = -0*t - t. Calculate the remainder when x(t) is divided by 19.
17
Let k = 85 - 29. What is the remainder when k is divided by 20?
16
Let u(n) = -n**2 + 4*n + 6. Let d be u(5). Let v be d + -1 + (-2 - 4). Let m(z) = -2*z - 6. What is the remainder when m(v) is divided by 4?
2
Suppose 4 = 3*d + 4*y - 2, 5*d + y = -7. Let h be (-4 - d)/(-2) + 1. Suppose 5*t = -c - 9, t = -3*c + h*t + 37. Calculate the remainder when 21 is divided by c.
10
Suppose 9 - 3 = 2*t, 2*t = 4*x - 18. What is the remainder when 46 is divided by x?
4
Let s(o) = -o**3 + 5*o**2 - 3*o - 3. Let g be s(4). Suppose -2*k + 12 = -q + g, 4*q + 32 = 5*k. What is the remainder when 14 is divided by k?
2
Let j(c) = -c**3 - 5*c**2 - 5*c - 3. Let y be j(-4). Calculate the remainder when 40 is divided by y/5 - 276/(-20).
12
What is the remainder when ((-1308)/(-5) - 1) + (-4)/(-10) is divided by 44?
41
Let q(f) = f**3 - 7*f**2 - 2*f + 3. Suppose 0 = -5*p + p, 28 = 4*